 multiple of 11?
False
Does 124 divide 8437?
False
Is 10064 a multiple of 136?
True
Does 11 divide 886?
False
Is 624 a multiple of 12?
True
Does 19 divide 6688?
True
Is 9 a factor of 3793?
False
Does 8 divide 558?
False
Is 665 even?
False
Does 15 divide 2025?
True
Is 160 a factor of 21871?
False
Does 213 divide 72644?
False
Does 36 divide 4640?
False
Is 246 a multiple of 3?
True
Does 15 divide 11445?
True
Is 1640 a multiple of 8?
True
Is 11 a factor of 29205?
True
Is 27 a factor of 6521?
False
Is 52 a factor of 28704?
True
Is 4 a factor of 541?
False
Does 122 divide 130906?
True
Is 177 a multiple of 59?
True
Is 31002 a multiple of 20?
False
Is 55213 a multiple of 39?
False
Is 21 a factor of 23354?
False
Is 54 a factor of 46602?
True
Is 16 a multiple of 16?
True
Is 5 a factor of 41785?
True
Does 52 divide 11544?
True
Is 14 a factor of 2828?
True
Is 4 a factor of 2370?
False
Is 2 a factor of 639?
False
Is 31 a factor of 23934?
False
Does 36 divide 1944?
True
Does 102 divide 70992?
True
Is 47 a factor of 425?
False
Is 30 a factor of 3540?
True
Is 4651 a multiple of 25?
False
Does 10 divide 1960?
True
Does 30 divide 450?
True
Is 5082 a multiple of 33?
True
Is 2617 a multiple of 10?
False
Does 19 divide 10228?
False
Is 17 a factor of 170?
True
Does 11 divide 55?
True
Is 560 a multiple of 24?
False
Does 286 divide 1430?
True
Does 4 divide 821?
False
Is 2601 a multiple of 9?
True
Does 30 divide 10830?
True
Is 38 a factor of 21828?
False
Is 297 a multiple of 9?
True
Is 22 a factor of 33902?
True
Is 7992 a multiple of 33?
False
Does 17 divide 74001?
True
Is 19023 a multiple of 30?
False
Is 3850 a multiple of 7?
True
Is 125 a factor of 21011?
False
Does 2 divide 127?
False
Does 18 divide 774?
True
Is 15 a factor of 16559?
False
Is 284 a multiple of 4?
True
Is 64 a factor of 24113?
False
Is 285 a multiple of 11?
False
Is 3753 a multiple of 14?
False
Is 93 a factor of 123?
False
Is 598 a multiple of 34?
False
Is 6 a factor of 24896?
False
Is 2090 a multiple of 55?
True
Is 6 a factor of 114?
True
Is 5247 a multiple of 55?
False
Does 9 divide 10493?
False
Is 61 a factor of 4579?
False
Is 2400 a multiple of 8?
True
Is 17 a factor of 533?
False
Does 7 divide 45941?
True
Is 889 a multiple of 13?
False
Is 18 a factor of 4410?
True
Does 60 divide 84780?
True
Is 2280 a multiple of 8?
True
Is 3216 a multiple of 23?
False
Is 50 a factor of 846?
False
Does 7 divide 52045?
True
Is 210 a multiple of 36?
False
Is 52 a factor of 10193?
False
Is 28405 a multiple of 19?
True
Is 26 a factor of 546?
True
Does 41 divide 105452?
True
Is 48760 a multiple of 115?
True
Is 16 a factor of 1675?
False
Does 38 divide 8972?
False
Does 15 divide 1300?
False
Does 9 divide 2116?
False
Does 15 divide 369?
False
Is 86396 a multiple of 64?
False
Does 80 divide 640?
True
Is 152 a factor of 47272?
True
Is 58002 a multiple of 14?
True
Is 91 a factor of 1274?
True
Does 148 divide 6660?
True
Is 19 a factor of 6452?
False
Does 243 divide 122993?
False
Is 5 a factor of 1185?
True
Is 383 a factor of 125722?
False
Is 972 a multiple of 6?
True
Does 38 divide 1862?
True
Is 7 a factor of 518?
True
Does 29 divide 2987?
True
Is 23 a factor of 2966?
False
Is 711 a multiple of 79?
True
Is 660 a multiple of 12?
True
Is 26 a factor of 1638?
True
Is 24780 a multiple of 177?
True
Does 12 divide 88476?
True
Is 28 a factor of 9028?
False
Is 26 a factor of 1470?
False
Is 3519 a multiple of 9?
True
Is 18159 a multiple of 292?
False
Does 24 divide 1344?
True
Does 176 divide 46969?
False
Is 2874 a multiple of 53?
False
Is 3024 a multiple of 63?
True
Is 27793 a multiple of 98?
False
Does 115 divide 5655?
False
Is 5559 a multiple of 10?
False
Is 6 a factor of 575?
False
Is 274 a factor of 13598?
False
Is 12 a factor of 144?
True
Is 441 a multiple of 9?
True
Does 9 divide 2565?
True
Does 59 divide 6762?
False
Does 134 divide 1608?
True
Is 20 a factor of 38217?
False
Is 33 a factor of 41580?
True
Does 301 divide 3311?
True
Is 2464 a multiple of 44?
True
Is 21040 a multiple of 165?
False
Is 32 a factor of 629?
False
Does 134 divide 2379?
False
Is 2160 a multiple of 90?
True
Is 2352 a multiple of 28?
True
Is 26413 a multiple of 290?
False
Is 16 a factor of 848?
True
Is 29 a factor of 30218?
True
Is 15 a multiple of 2?
False
Does 39 divide 15000?
False
Is 103 a factor of 2992?
False
Does 179 divide 28640?
True
Does 3 divide 199?
False
Is 24 a factor of 5199?
False
Is 46233 a multiple of 99?
True
Is 8 a factor of 3262?
False
Is 2500 a multiple of 16?
False
Is 58 a factor of 164430?
True
Is 29 a factor of 5435?
False
Is 1193 a multiple of 25?
False
Is 14 a factor of 22704?
False
Does 19 divide 931?
True
Does 3 divide 776?
False
Is 311 a factor of 31134?
False
Does 43 divide 1376?
True
Is 170 a factor of 850?
True
Is 43 a factor of 2558?
False
Does 7 divide 11442?
False
Does 23 divide 4069?
False
Does 8 divide 463?
False
Is 703 a multiple of 37?
True
Is 1032 a multiple of 43?
True
Is 9 a factor of 1089?
True
Is 15 a factor of 3051?
False
Is 76 a multiple of 19?
True
Does 25 divide 14575?
True
Is 7 a factor of 2338?
True
Is 18982 a multiple of 15?
False
Is 73450 a multiple of 26?
True
Is 90 a factor of 3600?
True
Does 49 divide 2367?
False
Is 220 a factor of 19140?
True
Is 40 a factor of 400?
True
Is 22 a factor of 2592?
False
Does 9 divide 6257?
False
Is 241 a multiple of 24?
False
Is 12811 a multiple of 8?
False
Is 20 a factor of 19938?
False
Is 8 a factor of 6158?
False
Does 84 divide 1680?
True
Is 1743 a multiple of 21?
True
Is 1134 a multiple of 54?
True
Is 18 a factor of 2790?
True
Does 25 divide 400?
True
Is 5551 a multiple of 13?
True
Does 159 divide 22737?
True
Is 277 a factor of 19390?
True
Does 12 divide 552?
True
Is 21 a factor of 2772?
True
Does 4 divide 389?
False
Does 93 divide 1302?
True
Does 116 divide 4586?
False
Is 85 a factor of 14666?
False
Is 19 a factor of 5719?
True
Does 170 divide 1870?
True
Does 23 divide 5635?
True
Does 21 divide 1323?
True
Is 5 a factor of 562?
False
Does 78 divide 781?
False
Does 79 divide 2915?
False
Is 23 a factor of 36202?
True
Is 1127 a multiple of 7?
True
Is 36 a multiple of 6?
True
Is 87 a factor of 10527?
True
Does 183 divide 18805?
False
Is 17 a factor of 340?
True
Is 59 a factor of 6962?
True
Is 41 a factor of 247?
False
Does 29 divide 1606?
False
Does 25 divide 26255?
False
Does 24 divide 30000?
True
Does 8 divide 240?
True
Is 722 a multiple of 61?
False
Is 2346 a multiple of 102?
True
Does 24 divide 7392?
True
Does 82 divide 14924?
True
Is 8165 a multiple of 23?
True
Is 25 a factor of 24700?
True
Is 308 a multiple of 14?
True
Is 38 a factor of 640?
False
Is 2353 a multiple of 11?
False
Does 127 divide 154178?
True
Is 406 a multiple of 32?
False
Is 23 a factor of 888?
False
Is 653 a multiple of 4?
False
Is 14 a factor of 658?
True
Is 2116 a multiple of 24?
False
Is 23680 a multiple of 37?
True
Is 288 a multiple of 3?
True
Is 129 a factor of 11744?
False
Is 4 a factor of 6000?
True
Is 84 a factor of 68795?
False
Does 44 divide 9328?
True
Does 13 divide 999?
False
Is 50 a factor of 846?
False
Does 9 divide 1042?
False
Does 341 divide 60613?
False
Is 31 a factor of 1457?
True
Does 83 divide 7806?
False
Is 35845 a multiple of 160?
False
Is 178 a multiple of 17?
False
Is 1710 a multiple of 5?
True
Is 21 a factor of 84?
True
Does 35 divide 13790?
True
Is 37 a factor of 74?
True
Is 55 a factor of 4826?
False
Is 59 a factor of 354?
True
Is 17 a factor of 4947?
True
Is 3 a factor of 2610?
True
Is 91 a factor of 1935?
False
Does 7 divide 204?
False
Does 15 divide 12762?
False
Is 170 even?
True
Does 5 divide 418?
False
Is 12 a factor of 3242?
False
Is 72 a factor of 757?
False
Is 107 a factor of 66661?
True
Is 20 a factor of 1648?
False
Is 6 a factor of 5096?
False
Is 28 a factor of 196?
True
Is 1466 a multiple of 20?
False
Does 60 divide 3198?
False
Is 10 a factor of 46745?
False
Is 240 a multiple of 86?
False
Is 140 a multiple of 20?
True
Is 42113 a multiple of 11?
False
Does 9 divide 5749?
False
Is 33 a factor of 5643?
True
Is 42895 a multiple of 115?
True
Is 232 a multiple of 29?
True
Is 45 a factor of 1200?
False
Does 11 divide 4754?
False
Is 2378 a multiple of 41?
True
Does 240 divide 58215?
False
Does 25 divide 32526?
False
Is 35165 a multiple of 13?
True
Is 13 a factor